967 composite?
True
Is 269384039 composite?
False
Is 5226597859 a prime number?
False
Is 12347629607 prime?
True
Is 11121886811 a composite number?
True
Is 131629889 a prime number?
True
Is 40669961 prime?
True
Is 2057215003 a composite number?
True
Is 43951489 composite?
True
Is 1797469841 composite?
True
Is 12779036021 composite?
False
Is 35114257337 composite?
False
Is 87853487173 composite?
False
Is 33185887297 a prime number?
True
Is 80406954731 composite?
False
Is 97462056929 a composite number?
False
Is 1979866897 composite?
False
Is 9536681243 composite?
True
Is 1502581127 a composite number?
False
Is 25149802309 a composite number?
False
Is 21370334159 composite?
True
Is 232219369 composite?
False
Is 16128782749 composite?
True
Is 7785739327 composite?
True
Is 427683441 composite?
True
Is 77018743367 composite?
True
Is 7846535057 composite?
False
Is 162071565851 a prime number?
False
Is 161711084653 prime?
True
Is 22535564281 composite?
False
Is 32088727 prime?
False
Is 175069051 a prime number?
True
Is 137667215021 composite?
True
Is 22215757 a composite number?
False
Is 477343939 composite?
True
Is 1084142483 composite?
False
Is 33868438169 prime?
True
Is 25699880521 a composite number?
True
Is 499190333 a composite number?
False
Is 413288545 prime?
False
Is 14070671 a composite number?
False
Is 118074411979 prime?
True
Is 2211017281 composite?
True
Is 14688379369 a composite number?
True
Is 25017037 a prime number?
True
Is 1320784303 composite?
True
Is 834402983 composite?
True
Is 30385537969 a composite number?
True
Is 13370993453 prime?
True
Is 314527709 a composite number?
False
Is 3719661069 a prime number?
False
Is 97422356291 prime?
False
Is 800858654 a prime number?
False
Is 46602528365 prime?
False
Is 1674295037 a prime number?
True
Is 3938044507 composite?
True
Is 8947963793 prime?
True
Is 463958423 a prime number?
True
Is 4258504697 a composite number?
False
Is 127184127241 a composite number?
False
Is 8483085983 prime?
False
Is 2056278713 a prime number?
False
Is 3768797671 a composite number?
True
Is 585815609 a prime number?
True
Is 48358241 a composite number?
False
Is 14860884809 composite?
True
Is 13897781581 prime?
True
Is 10498551751 prime?
True
Is 307806419 composite?
False
Is 964156757 a prime number?
False
Is 19335887881 composite?
True
Is 996226141 a prime number?
False
Is 220833963341 composite?
True
Is 11359817897 a prime number?
True
Is 37775349091 composite?
False
Is 8219666278 a prime number?
False
Is 7450987823 prime?
True
Is 14122265329 composite?
True
Is 122760132733 a prime number?
False
Is 2340322319 composite?
False
Is 13047673727 a composite number?
True
Is 17881813549 a prime number?
True
Is 3714925079 a prime number?
True
Is 6540563713 composite?
False
Is 48935737 prime?
True
Is 21525999073 a prime number?
True
Is 2484221 a composite number?
True
Is 4964526199 prime?
False
Is 63680837537 a prime number?
True
Is 18147872013 a composite number?
True
Is 10876686767 composite?
False
Is 255680393 a composite number?
False
Is 55460257 a composite number?
True
Is 54344292451 a composite number?
True
Is 188548511 a prime number?
False
Is 43292219161 composite?
False
Is 1989895199 a prime number?
True
Is 11232380333 prime?
True
Is 3196542389 composite?
False
Is 139093303 a composite number?
True
Is 472278617 composite?
True
Is 7784646461 a prime number?
True
Is 33910294133 composite?
True
Is 4993495813 composite?
True
Is 88591533 composite?
True
Is 667352083 composite?
True
Is 9290596114 a composite number?
True
Is 838209979 composite?
False
Is 28435139597 a prime number?
True
Is 33936535201 a composite number?
True
Is 61200593627 composite?
False
Is 13676766743 a prime number?
False
Is 6390087521 a composite number?
False
Is 8472600239 composite?
True
Is 10277552083 a prime number?
False
Is 27590518357 a composite number?
False
Is 114828854419 a prime number?
True
Is 11525444165 composite?
True
Is 619341301 a prime number?
True
Is 97719563 composite?
False
Is 514734505789 a prime number?
False
Is 11201702341 a prime number?
True
Is 1843146427 prime?
True
Is 12311753009 composite?
True
Is 13401486005 a composite number?
True
Is 680202557 composite?
False
Is 2113725269 a composite number?
True
Is 25506793217 a composite number?
True
Is 281235517 composite?
False
Is 19625391013 a prime number?
True
Is 6257180387 composite?
False
Is 232418087 a composite number?
True
Is 16556882821 composite?
False
Is 857234177 composite?
False
Is 59276227357 prime?
True
Is 219330877427 a prime number?
True
Is 4280853131 prime?
True
Is 4233989605 prime?
False
Is 23935191221 prime?
True
Is 97711981 a composite number?
True
Is 49531049543 prime?
True
Is 11580394249 composite?
True
Is 744050369 a composite number?
False
Is 788678129 a prime number?
False
Is 6337069891 a prime number?
False
Is 592068241 prime?
True
Is 31246522969 a prime number?
True
Is 6238490957 a prime number?
False
Is 143199734767 prime?
True
Is 51778546037 a prime number?
True
Is 40632408269 a composite number?
False
Is 86963122999 prime?
True
Is 1055566741 a prime number?
True
Is 28497308666 prime?
False
Is 321627629 prime?
False
Is 15653324237 a composite number?
False
Is 8244347273 a prime number?
False
Is 46041800153 a prime number?
False
Is 40811696873 a prime number?
False
Is 1434311639 a composite number?
True
Is 5640770285 prime?
False
Is 638663999 composite?
False
Is 353238973 prime?
True
Is 42985463 prime?
True
Is 7777406321 composite?
True
Is 55812437 a composite number?
True
Is 39501519 a prime number?
False
Is 3304174249 composite?
False
Is 41174453 composite?
False
Is 3109523891 composite?
True
Is 34695116609 a composite number?
False
Is 12895222453 prime?
True
Is 1674481817 a composite number?
True
Is 43512073195 a composite number?
True
Is 34465259173 composite?
True
Is 107308999199 a prime number?
True
Is 2728733129 a composite number?
True
Is 5376130933 prime?
True
Is 19565363911 prime?
False
Is 1199344087 composite?
True
Is 33090879817 a composite number?
True
Is 63185646779 composite?
False
Is 88420069 prime?
True
Is 5824101817 composite?
True
Is 5154585893 a composite number?
False
Is 660980883 prime?
False
Is 137147535139 prime?
False
Is 451154909 prime?
True
Is 252014887 a prime number?
False
Is 28786049569 composite?
True
Is 203072081 a prime number?
False
Is 18203008549 a composite number?
True
Is 2483248759 a prime number?
False
Is 42858943 prime?
False
Is 538277693 a prime number?
True
Is 26388431761 a prime number?
False
Is 400110961 a composite number?
False
Is 111404363 a composite number?
True
Is 3204737531 a prime number?
False
Is 668258434 a composite number?
True
Is 26055138377 a composite number?
False
Is 18263085457 composite?
False
Is 331665469 prime?
True
Is 3713314523 a prime number?
False
Is 36814523653 prime?
False
Is 25055657201 composite?
True
Is 98456010761 prime?
True
Is 776681743 composite?
False
Is 155179237 prime?
True
Is 6251600371 composite?
True
Is 11406551633 a prime number?
True
Is 118961798 a composite number?
True
Is 240851490515 a prime number?
False
Is 93416812313 composite?
True
Is 32097436519 a prime number?
True
Is 14505982747 a composite number?
False
Is 41858077 a prime number?
True
Is 42994247 a composite number?
False
Is 340338109 a prime number?
True
Is 80277997 composite?
True
Is 29614631287 a prime number?
True
Is 30812659543 composite?
True
Is 944767091 composite?
True
Is 89850767677 prime?
False
Is 156006266861 a prime number?
True
Is 45141738823 a composite number?
True
Is 6285818491 prime?
True
Is 4536868147 composite?
True
Is 2313791737 a composite number?
True
Is 353349679 a prime number?
False
Is 1516341643 prime?
True
Is 3766388939 prime?
False
Is 5054615897 a prime number?
False
Is 11314431473 prime?
False
Is 65029098551 a composite number?
False
Is 16022845919 a prime number?
False
Is 19964769031 a prime number?
False
Is 87052813423 composite?
False
Is 10163169083 prime?
False
Is 1372433321 prime?
False
Is 4023062159 a composite number?
True
Is 212155903 a composite number?
True
Is 29697282727 a composite number?
True
Is 11754291383 a prime number?
True
Is 104791560635 composite?
True
Is 3570191969 a prime number?
True
Is 713069593 prime?
True
Is 146909146609 composite?
False
